{"id":147,"date":"2020-09-14T06:14:50","date_gmt":"2020-09-14T06:14:50","guid":{"rendered":"https:\/\/fass.nus.edu.sg\/methods-school\/?page_id=147"},"modified":"2026-04-23T23:59:30","modified_gmt":"2026-04-23T15:59:30","slug":"online","status":"publish","type":"page","link":"https:\/\/fass.nus.edu.sg\/methods-school\/registration\/online\/","title":{"rendered":"Online"},"content":{"rendered":"\n<h1>\n\t\t\tRegister Online\t<\/h1>\n\t<h2>Registration<\/h2>\n<p><strong>REGISTRATION FOR THE 2026 METHODS SCHOOL IS NOW OPEN!<\/strong><\/p>\n<p>Registration for the 2026 Methods School will be via the L3AP system. Please register for each course through the separate links.<\/p>\n<p>The following are registration links for each of the courses.<\/p>\n<table border=\"0\" cellspacing=\"0\" cellpadding=\"0\">\n<tbody>\n<tr>\n<td valign=\"bottom\"><b>Course Name<\/b><\/td>\n<td valign=\"bottom\"><b>Course Instructor<\/b><\/td>\n<td valign=\"bottom\"><strong>Registration Links<\/strong><\/td>\n<\/tr>\n<tr>\n<td valign=\"bottom\"><a href=\"https:\/\/fass.nus.edu.sg\/methods-school\/courses\/survey-research\/\">Survey Research<\/a><\/td>\n<td valign=\"bottom\"><a href=\"https:\/\/fass.nus.edu.sg\/methods-school\/people\/3048-2\/\">Clara Lee<\/a><\/td>\n<td valign=\"bottom\"><a href=\"https:\/\/l3ap.nus.edu.sg\/student\/course\/detail\/565fb9e4-a47c-4063-8d8b-6ad28801290c\/0ebdd173-e3b6-4581-b076-3db12ddf05b3\">Registration for Survey Research<\/a><\/td>\n<\/tr>\n<tr>\n<td valign=\"bottom\"><a href=\"https:\/\/fass.nus.edu.sg\/methods-school\/courses\/network-analysis-1\/\">Network Analysis<\/a><\/td>\n<td valign=\"bottom\"><a href=\"https:\/\/fass.nus.edu.sg\/methods-school\/people\/adam-henry\/\">Adam Douglas Henry<\/a><\/td>\n<td valign=\"bottom\"><a href=\"https:\/\/l3ap.nus.edu.sg\/student\/course\/detail\/0bc6482e-7f29-4af7-a664-2a2238f57f56\/b825254d-eb1b-4efc-a078-5c93c8e572e5\">Registration for Network Analysis<\/a><\/td>\n<\/tr>\n<tr>\n<td valign=\"bottom\"><a href=\"https:\/\/fass.nus.edu.sg\/methods-school\/courses\/introduction-to-quantitative-text-analysis\/\">Quantitative Text Analysis<\/a><\/td>\n<td valign=\"bottom\"><a href=\"https:\/\/fass.nus.edu.sg\/methods-school\/people\/dani-madrid-morales\/\">Dani Madrid-Morales<\/a><\/td>\n<td valign=\"bottom\"><a href=\"https:\/\/l3ap.nus.edu.sg\/student\/course\/detail\/1623a954-f288-4fc3-a13c-94f2b6f8cc40\/6673aea7-6bd0-404f-8a08-b6b116df3642\">Registration for Quantitative Text Analysis<\/a><\/td>\n<\/tr>\n<tr>\n<td valign=\"bottom\"><a href=\"https:\/\/fass.nus.edu.sg\/methods-school\/courses\/qualitative-data-analysis-1\/\">Introduction to Qualitative Data Analysis<\/a><\/td>\n<td valign=\"bottom\"><a href=\"https:\/\/fass.nus.edu.sg\/methods-school\/people\/marie-helene-pare\/\">Marie-H\u00e9l\u00e8ne Par\u00e9<\/a><\/td>\n<td valign=\"bottom\"><a href=\"https:\/\/l3ap.nus.edu.sg\/student\/course\/detail\/f5968546-5d84-42e6-8a45-333bf249d355\/baee61e9-447d-4a21-ad7c-5487927f22bf\">Registration for Introduction to Qualitative Data Analysis<\/a><\/td>\n<\/tr>\n<tr>\n<td valign=\"bottom\"><a href=\"https:\/\/fass.nus.edu.sg\/methods-school\/courses\/applied-data-analysis\/\">Applied Data Analysis<\/a><\/td>\n<td valign=\"bottom\"><a href=\"https:\/\/fass.nus.edu.sg\/methods-school\/people\/tobias-hofmann\/\">Tobias Hofmann<\/a><\/td>\n<td valign=\"bottom\"><a href=\"https:\/\/l3ap.nus.edu.sg\/student\/course\/detail\/1e1c92bc-6609-4748-8787-017f340c0b11\/917ecff2-edbb-45e8-99ee-4f55f2c9fff5\">Registration for Applied Data Analysis<\/a><\/td>\n<\/tr>\n<tr>\n<td valign=\"bottom\"><a href=\"https:\/\/fass.nus.edu.sg\/methods-school\/courses\/introduction-to-research-design\/\">Introduction to Research Design<\/a><\/td>\n<td valign=\"bottom\"><a href=\"https:\/\/fass.nus.edu.sg\/methods-school\/people\/risa-toha\/\">Risa Toha<\/a><\/td>\n<td valign=\"bottom\"><a href=\"https:\/\/l3ap.nus.edu.sg\/student\/course\/detail\/85d9b695-2dd7-41fe-bff3-6d42be2d89be\/4f144106-9001-4a11-a214-0a187b2bb66b\">Registration for Introduction to Research Design<\/a><\/td>\n<\/tr>\n<tr>\n<td valign=\"bottom\"><a href=\"https:\/\/fass.nus.edu.sg\/methods-school\/courses\/doing-ethnography\/\">Doing Ethnography<\/a><\/td>\n<td valign=\"bottom\"><a href=\"https:\/\/fass.nus.edu.sg\/methods-school\/people\/amy-phua\/\">Amy Phua<\/a><\/td>\n<td valign=\"bottom\"><a href=\"https:\/\/l3ap.nus.edu.sg\/student\/course\/detail\/a1a9069b-83b9-406f-b4c5-1f151da7cdd8\/78f0c264-51ae-4af8-a5a6-b934b6200413\">Registration for Doing Ethnography<\/a><\/td>\n<\/tr>\n<tr>\n<td valign=\"bottom\"><a href=\"https:\/\/fass.nus.edu.sg\/methods-school\/courses\/interviews-and-focus-groups\/\">Interviews and Focus Groups<\/a><\/td>\n<td valign=\"bottom\"><a href=\"https:\/\/fass.nus.edu.sg\/methods-school\/people\/elvin-xing-yifu\/\">Elvin Xing<\/a><\/td>\n<td valign=\"bottom\"><a href=\"https:\/\/l3ap.nus.edu.sg\/student\/course\/detail\/4a7b7fcb-6052-482a-a247-5e7af1c13949\/2bef2d24-4368-47b3-8a9f-ec9211f658ab\">Registration for Interviews and Focus Groups<\/a><\/td>\n<\/tr>\n<tr>\n<td valign=\"bottom\"><a href=\"https:\/\/fass.nus.edu.sg\/methods-school\/courses\/qualitative-data-analysis-2\/\">Advanced Qualitative Data Analysis<\/a><\/td>\n<td valign=\"bottom\"><a href=\"https:\/\/fass.nus.edu.sg\/methods-school\/people\/marie-helene-pare\/\">Marie-H\u00e9l\u00e8ne Par\u00e9<\/a><\/td>\n<td valign=\"bottom\"><a href=\"https:\/\/l3ap.nus.edu.sg\/student\/course\/detail\/b3e34883-70d1-48f2-b84c-f139caa33866\/7b180546-049a-43e5-a310-31b52c22f20a\">Registration for Advanced Qualitative Data Analysis<\/a><\/td>\n<\/tr>\n<\/tbody>\n<\/table>\n<p>&nbsp;<\/p>\n<p><strong>Please read through before applying:<\/strong><\/p>\n<p>Applicants will need to register for a L3AP account after they click on apply for the respective courses, Singaporeans can use their Singpass and Skillsfuture Credits to offset the course fees.<\/p>\n<p>Once your application has been reviewed by the registration personnel, the appropriate discount(s) will be applied accordingly before you accept the offer and make payment.<\/p>\n<p>If you are a company-sponsored learner, please have your company admin\/HR to login to their company admin account to submit application on your behalf, or to generate a sponsorship link for you to submit application. Your\u00a0company HR has to create a L3AP corporate account then follow the instructions listed in the <a title=\"https:\/\/fass.nus.edu.sg\/swk\/wp-content\/uploads\/sites\/30\/2024\/12\/Company-Learner-and-AdminHR-Guide-to-NUS-Lifelong-Learning-L3-Application-Portal.pdf\" href=\"https:\/\/fass.nus.edu.sg\/swk\/wp-content\/uploads\/sites\/30\/2024\/12\/Company-Learner-and-AdminHR-Guide-to-NUS-Lifelong-Learning-L3-Application-Portal.pdf\" target=\"_blank\" rel=\"noopener noreferrer\" data-auth=\"NotApplicable\" data-linkindex=\"0\">link<\/a>.<\/p>\n<p>After submitting the application, please wait for class to be confirmed, to then accept the offer.<\/p>\n<p>The class will only be confirmed if we have at least 5 pax, up to 25 pax.<\/p>\n<p>The varying discount will be implemented on the L3AP system before sending the offer. Once you have confirmed the offer, you can make payment.<\/p>\n<p>A tax invoice will be generated and issued to your company\/ organisation a few days after the course has ended via NUS invoice\/ Vendor@Gov.<\/p>\n<p>**Please do note pay as an individual learner**<\/p>\n<p><a href=\"https:\/\/fass.nus.edu.sg\/swk\/wp-content\/uploads\/sites\/30\/2024\/12\/Company-Learner-and-AdminHR-Guide-to-NUS-Lifelong-Learning-L3-Application-Portal.pdf\" target=\"_blank\" rel=\"noopener\" data-cke-saved-href=\"https:\/\/fass.nus.edu.sg\/swk\/wp-content\/uploads\/sites\/30\/2024\/12\/Company-Learner-and-AdminHR-Guide-to-NUS-Lifelong-Learning-L3-Application-Portal.pdf\">https:\/\/fass.nus.edu.sg\/pol\/wp-content\/uploads\/sites\/21\/2026\/04\/Company-Learner-and-Company-Admin-HR-L3AP-Application-Guide.pdf<\/a><\/p>\n<p>1) &#8220;Students&#8221; refer to full-time undergraduate students, and graduate students (Masters and PhD), enrolled in any university. Undergraduate students must have completed at least two-years of undergraduate studies at their home institution by July 2026. Undergraduates still within their first two years of university studies are not eligible to apply.<\/p>\n<p>To qualify for student rates (20% off):<\/p>\n<ul>\n<li><strong>Attach supporting documents such as your unofficial transcripts under &#8220;Education Qualifications&#8221; to show that you are minimally a university undergraduate student in your 3rd year of study.<\/strong><\/li>\n<li><strong>The filling in of employment details is a mandatory requirement by the system, the details you input into the fields does not matter as it will act as a placeholder.<\/strong><\/li>\n<\/ul>\n<p><strong>2) &#8220;Academics&#8221; refer to postdoctoral fellows, junior\/senior lecturers, assistant\/associate\/full professors, employed in any university.<\/strong><\/p>\n<p>To qualify for Academic rates (10% off):<\/p>\n<ul>\n<li><strong>Fill up the &#8220;employment details&#8221; section.<\/strong><\/li>\n<\/ul>\n<ul>\n<li><strong>Please attach supporting documents to show your employment at your current university.<\/strong><\/li>\n<\/ul>\n<p><strong>3)\u00a0 &#8220;Non-academics&#8221; refer to government bureaucrats, private sector employees, NGO employees, journalists, or think tank employees.<\/strong><\/p>\n<ul>\n<li><strong>Fill up the &#8220;employment details&#8221; section.<\/strong><\/li>\n<\/ul>\n<p><strong>Please email Wesley Ngoi at polnyjw@nus.edu.sg if you have any questions prior to application.<\/strong><\/p>\n<p>Disclaimer and Acknowledgement: NUS will use your personal data for the sole purpose of administering the event. For more details, please read this <a href=\"https:\/\/fass.nus.edu.sg\/methods-school\/wp-content\/uploads\/sites\/34\/2022\/05\/NUS-Personal-Data-Notice-for-Course-Participants.pdf\">personal data notice<\/a> for course participants. Registration implies acknowledgement of this notice.<\/p>\n<p>&nbsp;<\/p>\n<h2>Cancellation Policy<\/h2>\n<p>Registered participants requesting to withdraw from a Methods School course and\/or the Methods School exam within two weeks of payment receive a full refund of the registration fees less an administrative charge of S$150.<\/p>\n<p>Withdrawals received more than two weeks after payment has been made and by May 31, 2025 receive a 50% refund. No refunds will be given for withdrawals from June 1, 2025.<\/p>\n<p>Registered participants on courses cancelled by the organizers will be offered a full refund of their registration fees or the opportunity to enroll in another Methods School course.<\/p>\n<p>The organizers are not liable for travel and other expenses incurred in connection with the Methods School.<\/p>\n<p>&nbsp;<\/p>\n<h2>Supported by<\/h2>\n\t\t\t\t<img decoding=\"async\" src=\"https:\/\/fass.nus.edu.sg\/methods-school\/wp-content\/uploads\/sites\/34\/2020\/09\/sponsor_nvivo.jpg\" alt=\"sponsor_nvivo\" height=\"40\" width=\"108\" title=\"sponsor_nvivo\" loading=\"lazy\" \/>\n\t\t\t\t<img decoding=\"async\" src=\"https:\/\/fass.nus.edu.sg\/methods-school\/wp-content\/uploads\/sites\/34\/2020\/09\/sponsor_palgrave.jpg\" alt=\"sponsor_palgrave\" height=\"40\" width=\"90\" title=\"sponsor_palgrave\" loading=\"lazy\" \/>\n\t\t\t\t<img decoding=\"async\" src=\"https:\/\/fass.nus.edu.sg\/methods-school\/wp-content\/uploads\/sites\/34\/2020\/09\/sponsor_nuspress.jpg\" alt=\"sponsor_nuspress\" height=\"40\" width=\"101\" title=\"sponsor_nuspress\" loading=\"lazy\" \/>\n\t\t\t\t<img decoding=\"async\" src=\"https:\/\/fass.nus.edu.sg\/methods-school\/wp-content\/uploads\/sites\/34\/2020\/09\/sponsor_springer.jpg\" alt=\"sponsor_springer\" height=\"40\" width=\"147\" title=\"sponsor_springer\" loading=\"lazy\" \/>\n\n","protected":false},"excerpt":{"rendered":"<p>Register Online Registration REGISTRATION FOR THE 2026 METHODS SCHOOL IS NOW OPEN! Registration for the 2026 Methods School will be via the L3AP system. Please register for each course through the separate links. The following are registration links for each of the courses. Course Name Course Instructor Registration Links Survey Research Clara Lee Registration for [&hellip;]<\/p>\n","protected":false},"author":4,"featured_media":0,"parent":140,"menu_order":0,"comment_status":"closed","ping_status":"closed","template":"","meta":{"_acf_changed":false,"site-sidebar-layout":"no-sidebar","site-content-layout":"page-builder","ast-site-content-layout":"default","site-content-style":"default","site-sidebar-style":"default","ast-global-header-display":"","ast-banner-title-visibility":"","ast-main-header-display":"","ast-hfb-above-header-display":"","ast-hfb-below-header-display":"","ast-hfb-mobile-header-display":"","site-post-title":"disabled","ast-breadcrumbs-content":"","ast-featured-img":"disabled","footer-sml-layout":"","theme-transparent-header-meta":"default","adv-header-id-meta":"","stick-header-meta":"","header-above-stick-meta":"","header-main-stick-meta":"","header-below-stick-meta":"","astra-migrate-meta-layouts":"default","ast-page-background-enabled":"default","ast-page-background-meta":{"desktop":{"background-color":"","background-image":"","background-repeat":"repeat","background-position":"center center","background-size":"auto","background-attachment":"scroll","background-type":"","background-media":"","overlay-type":"","overlay-color":"","overlay-opacity":"","overlay-gradient":""},"tablet":{"background-color":"","background-image":"","background-repeat":"repeat","background-position":"center center","background-size":"auto","background-attachment":"scroll","background-type":"","background-media":"","overlay-type":"","overlay-color":"","overlay-opacity":"","overlay-gradient":""},"mobile":{"background-color":"","background-image":"","background-repeat":"repeat","background-position":"center center","background-size":"auto","background-attachment":"scroll","background-type":"","background-media":"","overlay-type":"","overlay-color":"","overlay-opacity":"","overlay-gradient":""}},"ast-content-background-meta":{"desktop":{"background-color":"var(--ast-global-color-5)","background-image":"","background-repeat":"repeat","background-position":"center center","background-size":"auto","background-attachment":"scroll","background-type":"","background-media":"","overlay-type":"","overlay-color":"","overlay-opacity":"","overlay-gradient":""},"tablet":{"background-color":"var(--ast-global-color-5)","background-image":"","background-repeat":"repeat","background-position":"center center","background-size":"auto","background-attachment":"scroll","background-type":"","background-media":"","overlay-type":"","overlay-color":"","overlay-opacity":"","overlay-gradient":""},"mobile":{"background-color":"var(--ast-global-color-5)","background-image":"","background-repeat":"repeat","background-position":"center center","background-size":"auto","background-attachment":"scroll","background-type":"","background-media":"","overlay-type":"","overlay-color":"","overlay-opacity":"","overlay-gradient":""}},"footnotes":""},"class_list":["post-147","page","type-page","status-publish","hentry"],"acf":[],"_links":{"self":[{"href":"https:\/\/fass.nus.edu.sg\/methods-school\/wp-json\/wp\/v2\/pages\/147","targetHints":{"allow":["GET"]}}],"collection":[{"href":"https:\/\/fass.nus.edu.sg\/methods-school\/wp-json\/wp\/v2\/pages"}],"about":[{"href":"https:\/\/fass.nus.edu.sg\/methods-school\/wp-json\/wp\/v2\/types\/page"}],"author":[{"embeddable":true,"href":"https:\/\/fass.nus.edu.sg\/methods-school\/wp-json\/wp\/v2\/users\/4"}],"replies":[{"embeddable":true,"href":"https:\/\/fass.nus.edu.sg\/methods-school\/wp-json\/wp\/v2\/comments?post=147"}],"version-history":[{"count":17,"href":"https:\/\/fass.nus.edu.sg\/methods-school\/wp-json\/wp\/v2\/pages\/147\/revisions"}],"predecessor-version":[{"id":33692,"href":"https:\/\/fass.nus.edu.sg\/methods-school\/wp-json\/wp\/v2\/pages\/147\/revisions\/33692"}],"up":[{"embeddable":true,"href":"https:\/\/fass.nus.edu.sg\/methods-school\/wp-json\/wp\/v2\/pages\/140"}],"wp:attachment":[{"href":"https:\/\/fass.nus.edu.sg\/methods-school\/wp-json\/wp\/v2\/media?parent=147"}],"curies":[{"name":"wp","href":"https:\/\/api.w.org\/{rel}","templated":true}]}}