{"id":680,"date":"2021-02-22T07:15:06","date_gmt":"2021-02-21T23:15:06","guid":{"rendered":"https:\/\/fass.nus.edu.sg\/methods-school\/?page_id=680"},"modified":"2026-02-27T13:26:28","modified_gmt":"2026-02-27T05:26:28","slug":"qualitative-data-analysis-2","status":"publish","type":"page","link":"https:\/\/fass.nus.edu.sg\/methods-school\/courses\/qualitative-data-analysis-2\/","title":{"rendered":"Qualitative Data Analysis 2"},"content":{"rendered":"\n<h1>\n\t\tAdvanced Qualitative Data Analysis\n\t<\/h1>\n\t<p><em>Prof. Par\u00e9 is an excellent, experienced, and knowledgable instructor. I will urge my colleagues to also attend her course in the future.<\/em> &#8211; participant from Singapore<\/p>\n<p>This course brings your knowledge and skills in qualitative data analysis to the next level by introducing you to four qualitative methodologies widely used in the social sciences in NVivo. In turn, you will learn the sampling requirements, coding procedures, analytic strategies and best practices to report results of qualitative content analysis (Schreier, 2012), thematic analysis (Boyatzis, 1998), cross-case analysis (Miles &amp; Huberman, 1994) and Grounded theory (Strauss &amp; Corbin, 1998) in NVivo. The last day of the course brings all the knowledge through method integration, where we consider the strengths and limits of integrating different components of these four methodologies in one study.<\/p>\n<p>This course is the second part of a two-course sequence. To successfully attend the course, you must possess a solid foundation in qualitative analysis and be an advanced NVivo user &#8211; meaning that you can teach a crash NVivo course to colleagues. You should be able to create codes and relationships, work with cases and attributes, create sets, queries, generate maps and set-up framework matrices independently. Having experience in other qualitative software does not qualify you for the course. If you don&#8217;t possess the above, consider enrolling in <a href=\"https:\/\/fass.nus.edu.sg\/methods-school\/courses\/qualitative-data-analysis-1\/\">Introduction to Qualitative Data Analysis<\/a>.<\/p>\n<p>Part 1 and Part 2 of this course <strong>can\u00a0<\/strong>be taken independently of each other. ie. Part 1\u00a0can be taken without\u00a0taking Part 2, and Part 2\u00a0can be taken without taking Part 1.<\/p>\n<p>&nbsp;<\/p>\n<h2>Dates (On-site Class)\u00a0<\/h2>\n<p>This one-week, 17.5-hour course runs Monday-Friday, 29 June &#8211; 3 July, 2026. The course is scheduled for 2:00 pm &#8211; 5:30 pm.<\/p>\n<p>&nbsp;<\/p>\n<h1>Classroom Location<\/h1>\n<p><strong>Faculty of Arts and Social Science<\/strong><\/p>\n<p>&nbsp;<\/p>\n<h2>Instructor<\/h2>\n<p><a href=\"https:\/\/fass.nus.edu.sg\/methods-school\/people\/marie-helene-pare\/\" target=\"_parent\">Marie-H\u00e9l\u00e8ne Par\u00e9<\/a>, <a href=\"https:\/\/www.mariehelenepare.com\/\">The Qualitative Analyst<\/a><\/p>\n<p>&nbsp;<\/p>\n<h2>Detailed Description<\/h2>\n<p>This course provides you with advanced understanding and applied skills in qualitative content analysis (Schreier, 2012), thematic analysis (Boyatzis, 1998), cross-case analysis (Miles and Huberman, 1994) and grounded theory (Strauss and Corbin, 1998) using NVivo. The course fills a critical gap in scholarly literature and graduate training by providing step-by-step guidance on choosing to sample and code data, conduct analysis and present findings of four qualitative methodologies widely used in the social sciences in NVivo. Days 1 to 4 are dedicated to the four methodologies, during which you will learn each method&#8217;s history, epistemological foundations and singularities. Moving on to NVivo, we will explore each method&#8217;s sampling requirements, implement their coding procedures and analytic strategies, and consider the best practices to report their unique results. On Day 5, you will learn to integrate different components of these four methodologies in one study, illustrating the promises and potential pitfalls of method integration.<\/p>\n<p>The course ends with a workshop where you will critically review the criteria published in the literature to assess the quality of qualitative analysis. You will put forward recommendations for reporting this qualitative research phase in theses or articles.<\/p>\n<p>The course blends lectures, group work and hands-on exercises in NVivo software, which allows participants to put theory into practice. Note, however, that this is a method course in qualitative analysis and not an NVivo software course, as only some of the advanced features of NVivo will be taught. If you wish to acquire comprehensive knowledge and skills of NVivo, consider enrolling in an <a href=\"https:\/\/www.mariehelenepare.com\/courses\/nvivo-courses\/\">NVivo course<\/a>.<\/p>\n<p>&nbsp;<\/p>\n<h2>Prerequisites<\/h2>\n<p>We strongly encourage participants to combine this course with the introductory <a href=\"https:\/\/fass.nus.edu.sg\/methods-school\/courses\/qualitative-data-analysis-1\/\" target=\"_parent\">Introduction to Qualitative Data Analysis<\/a>. The course presumes a solid conceptual and practical grounding in qualitative research, and participants should have experience with the <a href=\"http:\/\/www.qsrinternational.com\/nvivo-product\" target=\"new\">NVivo<\/a> software.<\/p>\n<p>&nbsp;<\/p>\n<h2>Requirements<\/h2>\n<p>Participants are expected to have access to an internet-connected computer. You must run NVivo 15 (or NVivo R1 (13) or NVivo 14) to attend the course, but not earlier versions (NVivo 10 or 12) since these have different interfaces and menus. If your institution does not provide you with an NVivo license, you must download the NVivo 14-day free trial\u00a0<a href=\"https:\/\/lumivero.com\/resources\/free-trial\/nvivo\/\">here<\/a>. The trial is fully operational but can&#8217;t be reinstalled on the same computer once expired.<\/p>\n<p>Please ensure that NVivo works well on your laptop, and consult the QSR International website for\u00a0<a href=\"http:\/\/www.qsrinternational.com\/nvivo\/support-overview\">self-help resources<\/a>\u00a0or to<a href=\"https:\/\/qsrsupport.force.com\/customer\/s\/support-request?language=en_US&amp;productType=Standard\"> submit a\u00a0support request<\/a>\u00a0if you experience installation problems.<\/p>\n<p>&nbsp;<\/p>\n<h2>Core Readings<\/h2>\n<p>Barbour, Rosaline S. 2014. <em>Quality of Data Analysis<\/em>. In: Flick, Uwe, ed. <a href=\"https:\/\/www.amazon.com\/SAGE-Handbook-Qualitative-Data-Analysis\/dp\/1446208982\/\" target=\"new\">Sage Handbook of Qualitative Data Analysis<\/a>. Thousand Oaks, CA: Sage Publications.<\/p>\n<p>Boyatzis, Richard E. 1998. <a href=\"https:\/\/www.amazon.com\/Transforming-Qualitative-Information-Thematic-Development\/dp\/0761909613\" target=\"new\"><em>Transforming Qualitative Information. Thematic Analysis and Code Development<\/em><\/a>. Thousand Oaks, CA: Sage Publications.<\/p>\n<p>Burns, Nancy. 1989. <em><a href=\"https:\/\/doi.org\/10.1177\/089431848900200112\" target=\"new\">Standards for Qualitative Research<\/a><\/em>. Nursing Science Quarterly 2: 44-52.<\/p>\n<p>Miles, Matthew B., and A. Michael Huberman. 1994. <a href=\"https:\/\/www.amazon.com\/Qualitative-Data-Analysis-Expanded-Sourcebook\/dp\/0803955405\/\" target=\"new\">Qualitative Data Analysis. An Expanded Sourcebook<\/a>. 2<sup>nd<\/sup> edition. Thousand Oaks, CA: Sage Publications.<\/p>\n<p>Schreier, Margrit. 2012. <a href=\"https:\/\/www.amazon.com\/Qualitative-Content-Analysis-Practice-Schreier\/dp\/1849205930\/\" target=\"new\"><em>Qualitative Content Analysis in Practice<\/em><\/a>. Thousand Oaks, CA: Sage Publications.<\/p>\n<p>Strauss, Anselm L., and Juliet Corbin. 1998. <em><a href=\"https:\/\/www.amazon.com\/Basics-Qualitative-Research-Techniques-Procedures\/dp\/0803959400\/\" target=\"new\">Basics of Qualitative Research. Techniques and Procedures for Developing Grounded Theory<\/a><\/em>. 2<sup>nd<\/sup> edition. Thousand Oaks, CA: Sage Publications.<\/p>\n<p>&nbsp;<\/p>\n<h2>Suggested Readings<\/h2>\n<p>Bernard, H. Russell., Amber Y. Wutrich, and Gery W. Ryan. 2017. <em><a href=\"https:\/\/www.amazon.com\/Analyzing-Qualitative-Data-Systematic-Approaches\/dp\/148334438X\/\" target=\"new\">Analyzing Qualitative Data. Systemic Approaches<\/a><\/em>. 2<sup>nd<\/sup> edition. Thousand Oaks, CA: Sage Publications.<\/p>\n<p>Gibson, William J., and Andrew Brown. 2009. <a href=\"https:\/\/www.amazon.com\/Working-Qualitative-Data-William-Gibson\/dp\/1412945720\/\" target=\"new\"><em>Working with Qualitative Data<\/em><\/a>. Thousand Oaks, CA: Sage Publications.<\/p>\n<p>Grbich, Carol. 2013. <em><a href=\"https:\/\/www.amazon.com\/Qualitative-Data-Analysis-Carol-Grbich\/dp\/1446202976\/\" target=\"new\">Qualitative Data Analysis. An Introduction<\/a><\/em>. 2<sup>nd<\/sup> edition. Thousand Oaks, CA: Sage Publications.<\/p>\n\t\t\t\t<a href=\"https:\/\/www.dropbox.com\/scl\/fo\/48mq7377ql1etyqt480xc\/h?dl=0&#038;rlkey=m1yseot78q54bezhje03hjkkh\" target=\"_blank\" rel=\"noopener\">\n\t\t\t\t<img loading=\"lazy\" decoding=\"async\" src=\"https:\/\/fass.nus.edu.sg\/methods-school\/wp-content\/uploads\/sites\/34\/2021\/07\/dropbox.png\" alt=\"dropbox\" height=\"33\" width=\"118\" title=\"dropbox\" \/>\n\t\t\t\t<\/a>\n\n","protected":false},"excerpt":{"rendered":"<p>Advanced Qualitative Data Analysis Prof. Par\u00e9 is an excellent, experienced, and knowledgable instructor. I will urge my colleagues to also attend her course in the future. &#8211; participant from Singapore This course brings your knowledge and skills in qualitative data analysis to the next level by introducing you to four qualitative methodologies widely used in [&hellip;]<\/p>\n","protected":false},"author":137,"featured_media":0,"parent":134,"menu_order":0,"comment_status":"closed","ping_status":"closed","template":"","meta":{"_acf_changed":false,"site-sidebar-layout":"no-sidebar","site-content-layout":"page-builder","ast-site-content-layout":"full-width-container","site-content-style":"unboxed","site-sidebar-style":"unboxed","ast-global-header-display":"","ast-banner-title-visibility":"","ast-main-header-display":"","ast-hfb-above-header-display":"","ast-hfb-below-header-display":"","ast-hfb-mobile-header-display":"","site-post-title":"disabled","ast-breadcrumbs-content":"","ast-featured-img":"disabled","footer-sml-layout":"","theme-transparent-header-meta":"default","adv-header-id-meta":"","stick-header-meta":"","header-above-stick-meta":"","header-main-stick-meta":"","header-below-stick-meta":"","astra-migrate-meta-layouts":"set","ast-page-background-enabled":"default","ast-page-background-meta":{"desktop":{"background-color":"","background-image":"","background-repeat":"repeat","background-position":"center center","background-size":"auto","background-attachment":"scroll","background-type":"","background-media":"","overlay-type":"","overlay-color":"","overlay-opacity":"","overlay-gradient":""},"tablet":{"background-color":"","background-image":"","background-repeat":"repeat","background-position":"center center","background-size":"auto","background-attachment":"scroll","background-type":"","background-media":"","overlay-type":"","overlay-color":"","overlay-opacity":"","overlay-gradient":""},"mobile":{"background-color":"","background-image":"","background-repeat":"repeat","background-position":"center center","background-size":"auto","background-attachment":"scroll","background-type":"","background-media":"","overlay-type":"","overlay-color":"","overlay-opacity":"","overlay-gradient":""}},"ast-content-background-meta":{"desktop":{"background-color":"var(--ast-global-color-5)","background-image":"","background-repeat":"repeat","background-position":"center center","background-size":"auto","background-attachment":"scroll","background-type":"","background-media":"","overlay-type":"","overlay-color":"","overlay-opacity":"","overlay-gradient":""},"tablet":{"background-color":"var(--ast-global-color-5)","background-image":"","background-repeat":"repeat","background-position":"center center","background-size":"auto","background-attachment":"scroll","background-type":"","background-media":"","overlay-type":"","overlay-color":"","overlay-opacity":"","overlay-gradient":""},"mobile":{"background-color":"var(--ast-global-color-5)","background-image":"","background-repeat":"repeat","background-position":"center center","background-size":"auto","background-attachment":"scroll","background-type":"","background-media":"","overlay-type":"","overlay-color":"","overlay-opacity":"","overlay-gradient":""}},"footnotes":""},"class_list":["post-680","page","type-page","status-publish","hentry"],"acf":[],"_links":{"self":[{"href":"https:\/\/fass.nus.edu.sg\/methods-school\/wp-json\/wp\/v2\/pages\/680","targetHints":{"allow":["GET"]}}],"collection":[{"href":"https:\/\/fass.nus.edu.sg\/methods-school\/wp-json\/wp\/v2\/pages"}],"about":[{"href":"https:\/\/fass.nus.edu.sg\/methods-school\/wp-json\/wp\/v2\/types\/page"}],"author":[{"embeddable":true,"href":"https:\/\/fass.nus.edu.sg\/methods-school\/wp-json\/wp\/v2\/users\/137"}],"replies":[{"embeddable":true,"href":"https:\/\/fass.nus.edu.sg\/methods-school\/wp-json\/wp\/v2\/comments?post=680"}],"version-history":[{"count":20,"href":"https:\/\/fass.nus.edu.sg\/methods-school\/wp-json\/wp\/v2\/pages\/680\/revisions"}],"predecessor-version":[{"id":3432,"href":"https:\/\/fass.nus.edu.sg\/methods-school\/wp-json\/wp\/v2\/pages\/680\/revisions\/3432"}],"up":[{"embeddable":true,"href":"https:\/\/fass.nus.edu.sg\/methods-school\/wp-json\/wp\/v2\/pages\/134"}],"wp:attachment":[{"href":"https:\/\/fass.nus.edu.sg\/methods-school\/wp-json\/wp\/v2\/media?parent=680"}],"curies":[{"name":"wp","href":"https:\/\/api.w.org\/{rel}","templated":true}]}}